 Let f be (-506)/(-4)*p + 3. Let y = 485 + f. Is y a composite number?
True
Let l be (-1 + 3)/((-9)/36). Let q = -8 - l. Suppose q = 4*g - 45 - 151. Is g a prime number?
False
Suppose 4*r + 316282 = 5*t, 7*t + 3*r - 316261 = 2*t. Is t a prime number?
False
Suppose 3*m = -5*u + 44882, -8*m + 5*m + 44887 = 4*u. Is m a composite number?
False
Let y(i) be the first derivative of -i**4/4 - 5*i**3/3 + 3*i - 2. Let s be y(-5). Suppose 0 = 3*c + s*j - 6*j - 33, -5*c - 3*j = -71. Is c composite?
False
Suppose -4*v - 11 = -k + 33, v = -5*k + 304. Suppose y + k = 605. Suppose -3*p - 3*a = -1611, -4*p + y = -3*p + 3*a. Is p a composite number?
True
Let r = 105423 - 74746. Is r prime?
True
Let l(h) = -h**3 - 9*h**2 + 3*h + 9. Let w be l(-9). Let y = -11 - w. Let c = y - -90. Is c prime?
True
Let z be (-4 + 4/(-5))*5. Is 4784/z*(-6)/4 a composite number?
True
Suppose 21*k = -1176757 + 3785944. Is k prime?
True
Suppose 3*r - 3*x - 4782 - 35763 = 0, -5*r + 67603 = 2*x. Is r a prime number?
False
Suppose 2*s + 395 = -271. Let x = s + 632. Is x composite?
True
Let p be (2/(-3))/((-2)/(-9)). Let a be (-1)/3 - 31/p. Suppose -7*h = -a*h + 618. Is h a composite number?
True
Suppose -5*d = 10, -4*u + 2*d + 30464 = 4*d. Is u prime?
False
Let i be (-145)/35 + 3/21. Let w be i + 243 + -4 + 0. Suppose 0 = d + 4*d - w. Is d a composite number?
False
Is (-4768)/(-6) + (-32)/48 composite?
True
Let h(x) = 2*x**2 - 5*x + 4. Let y be (3 - 4)/((-2)/68). Suppose -m = m - y. Is h(m) a composite number?
True
Suppose 1199 = 10*j - 2221. Let a = 635 - j. Is a a prime number?
True
Suppose 2*o - 1024 = 4*s + 2400, 4*s - 5106 = -3*o. Is o a prime number?
False
Is (57/38)/(3/4822) composite?
False
Suppose -2*m - 7*o + 2*o - 22 = 0, m - 4*o = 15. Let z be (5/15)/(m/51). Let p = 6 - z. Is p a prime number?
True
Suppose -2*u = -4*p - 128526, -29*p = -4*u - 31*p + 257092. Is u composite?
False
Suppose 0 = -10*n + 752 - 92. Suppose -o + 23 = -n. Is o prime?
True
Suppose 0 = 81*h - 65*h - 10352. Is h composite?
False
Suppose -5743 = -2*j - 7*m + 4*m, 0 = -4*j - 5*m + 11491. Is j composite?
False
Let j(s) = 5*s - 7. Suppose -5*d = -2*d - 9. Let l be j(d). Let m = 66 - l. Is m composite?
True
Suppose 0 = -8*l + 53 + 3. Suppose l*t = 3970 - 1107. Is t prime?
True
Let t(f) = f**3 - 31*f**2 - 19*f - 145. Is t(56) composite?
False
Let n(g) = -g**3 - 5*g**2 + 7*g + 9. Let r be n(-6). Suppose -54 = m - a, -2*a = r*m - 4*a + 157. Let x = m + 198. Is x a prime number?
True
Suppose 888 = 2*k + 4*h, 1796 = -3*k + 7*k + 4*h. Let p = 87 + k. Is p a composite number?
False
Suppose 2 = -2*m + 2*a, -2*m + 2 + 8 = a. Suppose m*w - 485 = -0*w - 2*u, 2*w = u + 321. Is w a prime number?
False
Let p be 6/(-33) + 3 + (-13)/(-11). Suppose -x + 3939 = -p*k, 0 = 5*x + 8*k - 3*k - 19720. Is x prime?
True
Let c(q) = -q + 12. Let s be c(10). Is s*-2 - (-621 - 6) a prime number?
False
Suppose 37*y - 33*y - 436 = 0. Let q = -6 + y. Is q composite?
False
Suppose 0 = -j + 4*j + 351. Let y = 263 + j. Suppose -194 - y = -4*s + 4*r, 3*r - 457 = -5*s. Is s prime?
True
Suppose -2*b = -4*b + 42. Is ((-889)/b)/((-1)/15) composite?
True
Suppose -15 = 4*q - 5*t, -4*t = 3*q - 2*q - 12. Let s be -1 + q - (9 + -11). Is s - 0 - (-18 - 0) prime?
True
Suppose 3*z + 21 = -3*i, 4*i = i - 12. Let u(j) = -j**3 + 5*j**2 + 9*j - 21. Let t be u(6). Is -2 - t/z - -712 a prime number?
True
Suppose 4*x + 0*x + 24 = 0. Let v(h) = -h**3 + 7*h**2 + 5*h + 5. Is v(x) a prime number?
True
Let l(y) = -9*y - 3. Let b be l(-3). Suppose -5*c + 2 = -4*n + b, -5*n = -3*c - 21. Suppose n*u - 4*p - 239 = 564, 526 = 2*u + 2*p. Is u composite?
True
Suppose -21*l + 12*l + 23697 = 0. Is l a composite number?
False
Suppose 3*y + 4*d - 23 = 0, -5*d = -0*y + 4*y - 30. Suppose y*u = u + 4484. Is u prime?
False
Let q = 6 - -27. Is 49852/q - 1/(-3) a prime number?
True
Suppose 5*p = 3*l - 49721, 4*l + 2*p = 65638 + 622. Is l a prime number?
True
Suppose -h - h = 242. Let q = 530 + h. Is q a composite number?
False
Suppose g - 3*h = 104402, 5*g - 59033 = -h + 462929. Is g a prime number?
True
Suppose 40 = -6*m - 152. Let d = 11 - m. Suppose 5*i = 1662 + d. Is i a prime number?
False
Suppose 0 = 1150*a - 1135*a - 414525. Is a a composite number?
True
Let i = 7744 + -5459. Is i a composite number?
True
Let t be 3/7 + ((-54)/(-7))/3. Suppose -t*k = -2*k - 127. Is k a composite number?
False
Let k(o) = 8*o**3 - 2*o**2 + 21*o - 13. Is k(10) a composite number?
True
Let g(y) be the first derivative of 209*y**2/2 + 6*y - 4. Let u = -41 - -44. Is g(u) a composite number?
True
Let j = 26 + -9. Suppose 22*r = j*r + 14605. Is r composite?
True
Suppose -m + 301 = -958. Is m composite?
False
Let h = -6 - -12. Let m(z) = -4*z**2 - 7*z + 9. Let a be m(h). Is a/((3 + -2)*-1) composite?
True
Suppose 2*q - 6*q = -8. Suppose 0 = 2*r - 5*p - 481, -q*r + 4*p = r - 711. Suppose 0 = -c + h + 1096, -4*c - 5*h = -4626 + r. Is c prime?
True
Suppose 0 = 4*t + 3*p - 135164 - 119144, t - 5*p = 63577. Is t a composite number?
False
Let h(u) = 2630*u + 69. Is h(4) a prime number?
True
Let w = 155 + -81. Is w*(27/6 - 3) composite?
True
Suppose 0 = -4*q - 4758 + 13174. Suppose 3*r - q = -f, 2800 = 4*r - 0*r - 4*f. Is r composite?
False
Suppose 74201 = 2*u + q, -3*u + 2*q + 72112 + 39179 = 0. Is u a composite number?
True
Let f = 8 - 3. Suppose -32 = -f*b + 13. Is (-2)/b - 1038/(-54) composite?
False
Let n = -72 - -78. Let v(k) = 384*k + 13. Is v(n) prime?
False
Suppose 3*i - 2*u = 8, 0 = -5*i - 0*i + 3*u + 14. Suppose i + 4 = 4*c. Suppose -206 = -c*m - 2*f, 3*m - 3*f - 28 = 281. Is m a composite number?
False
Let f = -124 - -2840. Suppose 2*c = 6*c - f. Is c a prime number?
False
Is 257220/4 + (2 - 6/(-3)) composite?
True
Suppose 4*h - 5*c - 6 - 1 = 0, 4*h = -5*c + 17. Suppose -h*o - 2*u + 673 = -2*o, 666 = o - 5*u. Is o a prime number?
False
Suppose 6*t = 31842 - 9348. Is t composite?
True
Let f = 2751 - 1312. Is f prime?
True
Suppose 22561 = 155*c - 144*c. Is c prime?
False
Suppose 5*g - 4749 = -4*o + 6*g, 4*o = -g + 4747. Is o prime?
True
Let h(u) = 108*u**3 + u**2 - 3*u + 3. Is h(2) composite?
True
Suppose -5 = 4*r - 25. Suppose -51 - 104 = -5*s + r*g, s - 31 = -4*g. Is s prime?
True
Let i(t) = -2*t**2 + 14*t - 24. Let s be i(10). Let b = 103 - s. Is b a prime number?
False
Let q = 10100 + -6024. Let r = q - 2367. Is r a composite number?
False
Let c = 214 + -212. Let q(h) = h - 1. Let p(u) = 1021*u + 6. Let z(g) = p(g) + 5*q(g). Is z(c) a composite number?
False
Let l be (57/(-6) + 2)/((-2)/(-36)). Let k = l + 262. Is k a composite number?
False
Suppose 38418 + 238539 = 9*n. Is n a composite number?
False
Let z = 27 - 24. Suppose 5*i = -z*i + 1712. Is i a composite number?
True
Is 318/583 + (-106226)/(-22) a prime number?
False
Suppose 1 + 3 = 2*u. Suppose 644 = 2*r + 3*q - 711, u*r = 4*q + 1390. Is r a prime number?
False
Suppose -2*u - 10 - 2 = -2*b, 0 = 4*b - 16. Is u/(8/4)*-409 a prime number?
True
Suppose -2*a = 5*n - 8244, -a - 3*a = -n - 16510. Is a a prime number?
True
Suppose 4*j - r - 1682 = r, -1257 = -3*j - 3*r. Suppose 0*u - 2*u - 5*o = -273, -3*o = -3*u + j. Is u a prime number?
True
Let l = -29 - -26. Is (1/l - -1) + 5917/3 prime?
True
Suppose -145650 = -31*t + 211067. Is t a prime number?
False
Suppose 0 = 7*r + 744 - 3887. Is (r + 22)*1/3 a composite number?
False
Let d = -978 + 425. Let j = d - -1049. Suppose -k = -5*h - 136, h = 4*k - 3*h - j. Is k prime?
False
Let j(k) = -k**3 + 10*k**2 + 16*k + 1. Let f be j(11). Suppose f = -v + 438. Is (v/(-4))/((-1)/2) a composite number?
False
Let o(i) = i**2 + 27*i - 41. Is o(21) a prime number?
True
Let x(g) = -2216*g + 4. Let l be x(-4). Suppose -9*j = 2127 - l. Is j composite?
True
Let h be 103 + (-1*2 - -1). Let g = 144 - 134. Suppose 7*q - g*q + h = 0. Is q a composite number?
True
Let x = 52 - 49. Suppose 5*z + 354 = -4*y + 6*y, -x*y - z = -565. Is y a composite number?
True
Let l(a) = -a**3 + 8*a**2 - 10*a + 16. Let x be l(7). Let v = -25 - x. Is 465/(-12)*v/5 prime?
False
Let g be -3 + 4/(-12)*3. Let a be (10/g - -3)*0. Is (367 - a) + 8 + -4 a prime number?
False
Let w(k) be the second derivative of -12*k**3 + 7*k**2/2 + 20*k. Is w(-6) a prime number?
True
Let v(a) = a**3 + 5*a**2 - 6*a + 5. Let u be v(-6). Let b(t) = -t**2 + 3*